{"id":2,"date":"2023-02-14T06:26:21","date_gmt":"2023-02-14T05:26:21","guid":{"rendered":"http:\/\/projekte.flamal.de\/wiederhier\/?page_id=2"},"modified":"2023-02-24T05:51:26","modified_gmt":"2023-02-24T04:51:26","slug":"start","status":"publish","type":"page","link":"https:\/\/projekte.flamal.de\/wiederhier\/","title":{"rendered":"Start"},"content":{"rendered":"\n<div class=\"wp-block-responsive-lightbox-gallery\"><div class=\"rl-gallery-container splide rl-loading\" id=\"rl-gallery-container-1\" data-gallery_id=\"594\"> <div class=\"rl-gallery rl-basicslider-gallery splide__track \" id=\"rl-gallery-1\" data-gallery_no=\"1\"> <ul class=\"splide__list\"> <li class=\"rl-gallery-item splide__slide\" data-thumb=\"https:\/\/projekte.flamal.de\/wiederhier\/wp-content\/uploads\/2023\/02\/CornelieFlauder_PoelStrandImSchnee2_3000-1024x498.jpg\"> <a href=\"https:\/\/projekte.flamal.de\/wiederhier\/wp-content\/uploads\/2023\/02\/CornelieFlauder_PoelStrandImSchnee2_3000-scaled.jpg\" title=\"\" data-rl_title=\"\" class=\"rl-gallery-link\" data-rl_caption=\"\" data-rel=\"lightbox-gallery-1\"><img loading=\"lazy\" decoding=\"async\" src=\"https:\/\/projekte.flamal.de\/wiederhier\/wp-content\/uploads\/2023\/02\/CornelieFlauder_PoelStrandImSchnee2_3000-1024x498.jpg\" width=\"640\" height=\"311\" alt=\"\" \/><\/a> <\/li> <li class=\"rl-gallery-item splide__slide\" data-thumb=\"https:\/\/projekte.flamal.de\/wiederhier\/wp-content\/uploads\/2023\/02\/CornelieFlauder_BuhneimSchnee-1-1.jpeg\"> <a href=\"https:\/\/projekte.flamal.de\/wiederhier\/wp-content\/uploads\/2023\/02\/CornelieFlauder_BuhneimSchnee-1-1.jpeg\" title=\"\" data-rl_title=\"\" class=\"rl-gallery-link\" data-rl_caption=\"\" data-rel=\"lightbox-gallery-1\"><img loading=\"lazy\" decoding=\"async\" src=\"https:\/\/projekte.flamal.de\/wiederhier\/wp-content\/uploads\/2023\/02\/CornelieFlauder_BuhneimSchnee-1-1.jpeg\" width=\"640\" height=\"311\" alt=\"\" \/><\/a> <\/li> <li class=\"rl-gallery-item splide__slide\" data-thumb=\"https:\/\/projekte.flamal.de\/wiederhier\/wp-content\/uploads\/2023\/02\/flamal_SongCover_DieserMoment-1-1024x767.jpeg\"> <a href=\"https:\/\/projekte.flamal.de\/wiederhier\/wp-content\/uploads\/2023\/02\/flamal_SongCover_DieserMoment-1.jpeg\" title=\"\" data-rl_title=\"\" class=\"rl-gallery-link\" data-rl_caption=\"\" data-rel=\"lightbox-gallery-1\"><img loading=\"lazy\" decoding=\"async\" src=\"https:\/\/projekte.flamal.de\/wiederhier\/wp-content\/uploads\/2023\/02\/flamal_SongCover_DieserMoment-1-1024x767.jpeg\" width=\"640\" height=\"479\" alt=\"\" \/><\/a> <\/li> <li class=\"rl-gallery-item splide__slide\" data-thumb=\"https:\/\/projekte.flamal.de\/wiederhier\/wp-content\/uploads\/2023\/02\/Poel_Fotos-1-1024x768.jpeg\"> <a href=\"https:\/\/projekte.flamal.de\/wiederhier\/wp-content\/uploads\/2023\/02\/Poel_Fotos-1.jpeg\" title=\"\" data-rl_title=\"\" class=\"rl-gallery-link\" data-rl_caption=\"\" data-rel=\"lightbox-gallery-1\"><img loading=\"lazy\" decoding=\"async\" src=\"https:\/\/projekte.flamal.de\/wiederhier\/wp-content\/uploads\/2023\/02\/Poel_Fotos-1-1024x768.jpeg\" width=\"640\" height=\"480\" alt=\"\" \/><\/a> <\/li> <li class=\"rl-gallery-item splide__slide\" data-thumb=\"https:\/\/projekte.flamal.de\/wiederhier\/wp-content\/uploads\/2023\/02\/CornelieFlauder_web_SonnenuntergangueberMeer-1024x701.jpeg\"> <a href=\"https:\/\/projekte.flamal.de\/wiederhier\/wp-content\/uploads\/2023\/02\/CornelieFlauder_web_SonnenuntergangueberMeer.jpeg\" title=\"\" data-rl_title=\"\" class=\"rl-gallery-link\" data-rl_caption=\"\" data-rel=\"lightbox-gallery-1\"><img loading=\"lazy\" decoding=\"async\" src=\"https:\/\/projekte.flamal.de\/wiederhier\/wp-content\/uploads\/2023\/02\/CornelieFlauder_web_SonnenuntergangueberMeer-1024x701.jpeg\" width=\"640\" height=\"438\" alt=\"\" \/><\/a> <\/li> <li class=\"rl-gallery-item splide__slide\" data-thumb=\"https:\/\/projekte.flamal.de\/wiederhier\/wp-content\/uploads\/2023\/02\/NWM_Fotos-9-1024x576.jpeg\"> <a href=\"https:\/\/projekte.flamal.de\/wiederhier\/wp-content\/uploads\/2023\/02\/NWM_Fotos-9.jpeg\" title=\"\" data-rl_title=\"\" class=\"rl-gallery-link\" data-rl_caption=\"\" data-rel=\"lightbox-gallery-1\"><img loading=\"lazy\" decoding=\"async\" src=\"https:\/\/projekte.flamal.de\/wiederhier\/wp-content\/uploads\/2023\/02\/NWM_Fotos-9-1024x576.jpeg\" width=\"640\" height=\"360\" alt=\"\" \/><\/a> <\/li> <li class=\"rl-gallery-item splide__slide\" data-thumb=\"https:\/\/projekte.flamal.de\/wiederhier\/wp-content\/uploads\/2023\/02\/CornelieFlauder_Bilder-6-1024x703.jpeg\"> <a href=\"https:\/\/projekte.flamal.de\/wiederhier\/wp-content\/uploads\/2023\/02\/CornelieFlauder_Bilder-6.jpeg\" title=\"\" data-rl_title=\"\" class=\"rl-gallery-link\" data-rl_caption=\"\" data-rel=\"lightbox-gallery-1\"><img loading=\"lazy\" decoding=\"async\" src=\"https:\/\/projekte.flamal.de\/wiederhier\/wp-content\/uploads\/2023\/02\/CornelieFlauder_Bilder-6-1024x703.jpeg\" width=\"640\" height=\"439\" alt=\"\" \/><\/a> <\/li> <li class=\"rl-gallery-item splide__slide\" data-thumb=\"https:\/\/projekte.flamal.de\/wiederhier\/wp-content\/uploads\/2023\/02\/CornelieFlauder_Bootwebweb-1024x613.jpeg\"> <a href=\"https:\/\/projekte.flamal.de\/wiederhier\/wp-content\/uploads\/2023\/02\/CornelieFlauder_Bootwebweb.jpeg\" title=\"\" data-rl_title=\"\" class=\"rl-gallery-link\" data-rl_caption=\"\" data-rel=\"lightbox-gallery-1\"><img loading=\"lazy\" decoding=\"async\" src=\"https:\/\/projekte.flamal.de\/wiederhier\/wp-content\/uploads\/2023\/02\/CornelieFlauder_Bootwebweb-1024x613.jpeg\" width=\"640\" height=\"383\" alt=\"\" \/><\/a> <\/li> <li class=\"rl-gallery-item splide__slide\" data-thumb=\"https:\/\/projekte.flamal.de\/wiederhier\/wp-content\/uploads\/2023\/02\/CornelieFlauder_BooteimHafenweb-1024x725.jpg\"> <a href=\"https:\/\/projekte.flamal.de\/wiederhier\/wp-content\/uploads\/2023\/02\/CornelieFlauder_BooteimHafenweb.jpg\" title=\"\" data-rl_title=\"\" class=\"rl-gallery-link\" data-rl_caption=\"\" data-rel=\"lightbox-gallery-1\"><img loading=\"lazy\" decoding=\"async\" src=\"https:\/\/projekte.flamal.de\/wiederhier\/wp-content\/uploads\/2023\/02\/CornelieFlauder_BooteimHafenweb-1024x725.jpg\" width=\"640\" height=\"453\" alt=\"\" \/><\/a> <\/li> <\/ul> <\/div> <\/div><\/div>\n\n\n\n<p>Herzlich Willkommen!<\/p>\n\n\n\n<p>Dies ist die Demonstrations-Startseite unseres in Entwicklung befindlichen Internet-Auftritts f\u00fcr das crossmediale Projekt <mark style=\"background-color:rgba(0, 0, 0, 0)\" class=\"has-inline-color has-vivid-red-color\"><strong><a href=\"https:\/\/projekte.flamal.de\/wiederhier\/das-projekt\/\" data-type=\"URL\" data-id=\"https:\/\/projekte.flamal.de\/wiederhier\/das-projekt\/(\u00f6ffnet in neuem Tab)\">&#8220;Wieder Hier &#8230; in Nordwestmecklenburg&#8221;<\/a><\/strong><\/mark>.<\/p>\n\n\n\n<p>Die Inhalte sind nicht vollst\u00e4ndig, sondern werden w\u00e4hrend der Projektlaufzeit bis ca. Ende des Jahres 2023 erstellt und st\u00e4ndig aktualisiert.<\/p>\n\n\n\n<p>Viel Spa\u00df beim St\u00f6bern auf den Seiten und beim Beurteilen, ob dieses Projekt, dass uns sehr am Herzen liegt, f\u00f6rderungs- und unterst\u00fctzungsf\u00e4hig ist.<\/p>\n\n\n\n<p>Das flamal-Team<\/p>\n\n\n\n<p><em>Cornelie Flauder &amp;<br>Christian Miles<\/em><\/p>\n","protected":false},"excerpt":{"rendered":"<p>Herzlich Willkommen! Dies ist die Demonstrations-Startseite unseres in Entwicklung befindlichen Internet-Auftritts f\u00fcr das crossmediale Projekt [&hellip;]<\/p>\n","protected":false},"author":1,"featured_media":0,"parent":0,"menu_order":0,"comment_status":"closed","ping_status":"closed","template":"","meta":{"_vp_format_video_url":"","_vp_image_focal_point":[],"footnotes":""},"class_list":["post-2","page","type-page","status-publish","hentry"],"_links":{"self":[{"href":"https:\/\/projekte.flamal.de\/wiederhier\/wp-json\/wp\/v2\/pages\/2","targetHints":{"allow":["GET"]}}],"collection":[{"href":"https:\/\/projekte.flamal.de\/wiederhier\/wp-json\/wp\/v2\/pages"}],"about":[{"href":"https:\/\/projekte.flamal.de\/wiederhier\/wp-json\/wp\/v2\/types\/page"}],"author":[{"embeddable":true,"href":"https:\/\/projekte.flamal.de\/wiederhier\/wp-json\/wp\/v2\/users\/1"}],"replies":[{"embeddable":true,"href":"https:\/\/projekte.flamal.de\/wiederhier\/wp-json\/wp\/v2\/comments?post=2"}],"version-history":[{"count":7,"href":"https:\/\/projekte.flamal.de\/wiederhier\/wp-json\/wp\/v2\/pages\/2\/revisions"}],"predecessor-version":[{"id":596,"href":"https:\/\/projekte.flamal.de\/wiederhier\/wp-json\/wp\/v2\/pages\/2\/revisions\/596"}],"wp:attachment":[{"href":"https:\/\/projekte.flamal.de\/wiederhier\/wp-json\/wp\/v2\/media?parent=2"}],"curies":[{"name":"wp","href":"https:\/\/api.w.org\/{rel}","templated":true}]}}